?
45
Calculate the greatest common factor of 59201 and 119519.
1117
Calculate the greatest common factor of 84008 and 64.
8
What is the greatest common factor of 1750 and 1204?
14
What is the highest common factor of 6372 and 4209768?
2124
What is the greatest common factor of 27268 and 272?
68
Calculate the greatest common factor of 1617 and 37059.
33
Calculate the highest common factor of 626513 and 371.
53
What is the highest common divisor of 2071 and 20165?
109
What is the greatest common factor of 5544 and 30646?
154
Calculate the highest common factor of 18352 and 94054.
2294
Calculate the highest common divisor of 14450 and 12920.
170
What is the greatest common divisor of 830 and 3730?
10
Calculate the highest common factor of 238243 and 3288.
137
What is the highest common factor of 2000340 and 1440?
180
Calculate the highest common divisor of 8567320 and 731.
731
Calculate the highest common factor of 4228555 and 155.
155
What is the greatest common factor of 94840 and 104?
8
Calculate the greatest common divisor of 10488 and 8832.
552
What is the highest common factor of 237 and 3256301?
79
What is the highest common divisor of 1476230 and 210?
70
What is the greatest common factor of 89 and 2890898?
89
What is the greatest common divisor of 15038 and 9490?
146
Calculate the highest common factor of 1332 and 495.
9
Calculate the greatest common divisor of 492 and 559732.
164
Calculate the highest common divisor of 9125 and 1000.
125
Calculate the greatest common divisor of 22 and 318.
2
Calculate the greatest common factor of 97656 and 5304.
312
What is the highest common factor of 135 and 26811?
27
Calculate the greatest common factor of 12 and 269608.
4
What is the highest common factor of 999 and 17316?
333
What is the highest common divisor of 8378774 and 1636?
818
What is the highest common divisor of 126 and 860643?
63
What is the greatest common divisor of 493524 and 36?
36
Calculate the greatest common factor of 20 and 13415.
5
Calculate the greatest common divisor of 81 and 4869.
9
Calculate the highest common factor of 48615 and 15.
15
Calculate the highest common divisor of 3934 and 38216.
562
Calculate the greatest common divisor of 26850 and 250.
50
What is the greatest common factor of 360 and 17760?
120
What is the greatest common factor of 4920870 and 45?
15
What is the highest common factor of 15940 and 60?
20
What is the highest common factor of 19308 and 60?
12
What is the greatest common divisor of 18640 and 5440?
80
What is the greatest common factor of 40 and 131420?
20
Calculate the highest common factor of 225 and 34575.
75
What is the highest common factor of 498862 and 70?
14
What is the highest common factor of 381463 and 51?
17
Calculate the greatest common divisor of 868 and 108004.
124
What is the greatest common factor of 1560 and 45786?
78
What is the highest common divisor of 5592 and 324?
12
What is the greatest common factor of 3326 and 26?
2
Calculate the greatest common divisor of 35 and 470785.
35
Calculate the highest common factor of 6171 and 969.
51
Calculate the highest common factor of 1872 and 8208.
144
What is the greatest common divisor of 2176 and 99399?
17
What is the greatest common factor of 8 and 129496?
8
What is the greatest common factor of 29 and 146479?
29
Calculate the highest common divisor of 255204 and 17.
17
Calculate the highest common factor of 5248 and 2944.
128
Calculate the highest common divisor of 5106 and 3441.
111
What is the highest common factor of 181351 and 4832?
151
Calculate the greatest common factor of 6 and 15346.
2
What is the greatest common divisor of 30711 and 29?
29
Calculate the greatest common factor of 15 and 3861885.
15
What is the greatest common divisor of 4556418 and 654?
654
What is the highest common factor of 45 and 6453?
9
Calculate the greatest common factor of 10291 and 22590.
251
What is the highest common divisor of 72 and 6504?
24
Calculate the highest common factor of 4842 and 342.
18
What is the highest common divisor of 2306478 and 846?
282
Calculate the greatest common factor of 916402 and 34.
34
Calculate the greatest common factor of 4195 and 65.
5
What is the highest common divisor of 2502205 and 285?
95
Calculate the greatest common divisor of 4 and 578684.
4
What is the highest common divisor of 5688 and 360?
72
What is the greatest common factor of 4033551 and 873?
291
What is the greatest common divisor of 71153 and 29?
1
Calculate the greatest common factor of 2725038 and 72.
18
Calculate the highest common factor of 32 and 1754.
2
Calculate the highest common divisor of 37211 and 254.
127
What is the highest common factor of 3780 and 18270?
630
What is the highest common divisor of 25755 and 1785?
255
What is the greatest common divisor of 539314 and 164?
82
What is the highest common factor of 748312 and 39938?
2102
Calculate the greatest common divisor of 47307 and 26.
13
Calculate the highest common divisor of 6197474 and 29.
29
What is the greatest common divisor of 4571460 and 40?
20
What is the highest common factor of 584 and 20732?
292
Calculate the highest common divisor of 5933122 and 26.
26
What is the greatest common factor of 296608 and 38502?
1426
What is the highest common factor of 4018 and 1009666?
574
What is the greatest common factor of 1700 and 12724?
4
Calculate the greatest common factor of 48 and 1782864.
48
Calculate the highest common divisor of 24257 and 1143.
127
What is the highest common factor of 138650 and 270?
10
Calculate the greatest common factor of 1060 and 636.
212
Calculate the highest common divisor of 15 and 121665.
15
Calculate the highest common divisor of 188 and 292340.
188
Calculate the highest common divisor of 49375 and 225.
25
What is the greatest common factor of 3 and 203457?
3
What is the highest common factor of 24569 and 79?
79
What is the greatest common factor of 390 and 813490?
10
Calculate the greatest common factor of 21075 and 20850.
75
What is the highest common divisor of 1358 and 336?
14
Calculate the greatest common factor of 239863 and 117.
13
Calculate the highest common divisor of 7076 and 15616.
244
What is the greatest common divisor of 384 and 4680?
24
Calculate the highest common factor of 30827 and 2349.
29
What is the highest common divisor of 6 and 253329?
3
What is the greatest common factor of 58077 and 2868?
717
What is the highest common factor of 957231 and 891?
297
Calculate the greatest common factor of 2526 and 1248.
6
What is the greatest common factor of 2108 and 12?
4
What is the greatest common divisor of 17894 and 92?
46
What is the highest common factor of 3850 and 29436?
22
Calculate the highest common divisor of 10660 and 215.
5
Calculate the greatest common factor of 8618592 and 32.
32
What is the greatest common factor of 39928 and 10948?
644
Calculate the greatest common factor of 1334 and 17618.
46
Calculate the highest common factor of 10051504 and 16.
16
What is the greatest common factor of 3077917 and 2566?
1283
Calculate the greatest common divisor of 504294 and 84.
42
What is the greatest common factor of 882 and 183162?
294
What is the highest common factor of 24468 and 44?
4
What is the greatest common factor of 179690 and 155890?
1190
Calculate the highest common factor of 361240 and 110.
110
Calculate the greatest common divisor of 26056 and 1.
1
What is the highest common divisor of 1424 and 3888?
16
Calculate the highest common divisor of 91767 and 3549.
507
Calculate the greatest common divisor of 464 and 6670.
58
Calculate the greatest common factor of 1432 and 2327.
179
What is the greatest common factor of 405324 and 120?
12
What is the highest common factor of 20295 and 36?
9
Calculate the greatest common factor of 2279 and 3784.
43
Calculate the highest common divisor of 3960 and 18960.
120
What is the greatest common factor of 126 and 1398?
6
Calculate the greatest common factor of 30527 and 98.
49
Calculate the greatest common divisor of 52519 and 87.
29
Calculate the highest common divisor of 220346 and 14.
14
What is the greatest common divisor of 2923011 and 9?
9
Calculate the greatest common divisor of 44799 and 545.
109
What is the greatest common factor of 634823 and 161?
161
Calculate the highest 